of c?
2
Suppose -18 = -2*v + 4*u, v - 3*u - 7 = -2*u. Suppose -v*z - 45 - 52 = 3*t, -2*z = -2*t - 70. List the prime factors of t/(-3) - 2/6.
11
Let v = 21 - 11. Let o be (v/(-8))/(2/(-56)). Suppose -2*h + o = 3*h. What are the prime factors of h?
7
Let h(j) = -j**3 - 2*j + 107. List the prime factors of h(0).
107
Let s(m) = -m**3 - 3*m**2 + 5*m + 6. Let u be s(-4). Suppose -u*a = 2*o - 38, -a - 5*o - 3 = -2. Let f = a - 9. What are the prime factors of f?
3, 5
Suppose 0 = 4*n - 6 + 30. Let l(j) = -2*j - 5. List the prime factors of l(n).
7
What are the prime factors of 3 + 246 + (-20)/4?
2, 61
Let m = 4 + 2. Let x = m - -3. List the prime factors of x.
3
Let y(d) = 4*d**2 - 19*d + 15. What are the prime factors of y(7)?
2, 3, 13
Let u = -1 + 6. Suppose -3*f - 5*k - 30 = -8*f, -f = -u*k - 26. Let i = f - -5. What are the prime factors of i?
2, 3
Let u be (1 + -3)/((-1)/(-2)). What are the prime factors of 2*7 + (u - -4)?
2, 7
Suppose 4*u - 6*l + l = 4, -3*u = -3*l. List the prime factors of 20 + (-1 - 3)/u.
3, 7
Let l(n) = -24*n**3 + 2*n**2 - n - 2. List the prime factors of l(-1).
5
Suppose 5*z = -3*t + 229, 8*z - 245 = 3*z + 5*t. What are the prime factors of z?
47
Suppose -j = -3*j + 4. Let w(s) = -4 + j*s - 1 + 2*s. What are the prime factors of w(4)?
11
Let o = -9 - -28. Suppose 0 = 3*c + o + 17. What are the prime factors of (-2 - (-1 - 0))*c?
2, 3
Let n(c) = -c**2 - 12*c. List the prime factors of n(-11).
11
Suppose -3*g + 0*g = 0. List the prime factors of 13 - (g - (1 + -2)).
2, 3
Suppose 27 = 4*f - 21. Suppose 2*b + b + f = 0, -4*i = -5*b - 88. List the prime factors of i.
17
Suppose c = 6*c - 45. Suppose 4*f - c = -129. What are the prime factors of ((-4)/12)/(2/f)?
5
Suppose -2*q = 4*v - 42, -3*q + 2*q + 32 = 3*v. List the prime factors of v.
11
Suppose 343 = 4*t + 3*t. What are the prime factors of t?
7
Let k(d) = 12*d**2 - 2*d - 1. Let u be k(-1). Let c = u + -1. List the prime factors of c.
2, 3
Suppose 6*v = 8*v + 32. Let g = v + 10. Let y = g - -12. What are the prime factors of y?
2, 3
Let i = -10 + 19. Let o = i + -7. List the prime factors of o.
2
Suppose -2*b + 4*h + 6 = 0, 2*h = -5*b + 6*h + 45. Let k = -3 + b. List the prime factors of k.
2, 5
Suppose -3*o = 5 - 38. What are the prime factors of o?
11
Suppose -a = -0 - 3. Suppose 5*u - a*u = 46. List the prime factors of u.
23
List the prime factors of 2275/11 + 8/44.
3, 23
Suppose n = -1 + 4. Suppose -5*h + n*h + 6 = 0. What are the prime factors of h?
3
Let r = -35 + 77. List the prime factors of r.
2, 3, 7
Let n = -7 - -10. Suppose h - 3*h - 10 = 0, n*f = h + 74. What are the prime factors of f?
23
Suppose -g - 2 = 2*h - 3, 4*h + 47 = 5*g. Suppose a - 2*z = -z + 1, -a - 5*z + g = 0. List the prime factors of (-117)/(-6)*a/3.
13
Let w = -25 + 41. Suppose 0 = 2*i - 0 - w. List the prime factors of i.
2
Let n(g) = -6*g - 7. Let u(t) = 7*t + 10. Let q(m) = 6*m + 9. Let l(p) = 4*q(p) - 5*u(p). Let d(y) = 3*l(y) - 5*n(y). List the prime factors of d(-5).
2
Suppose 0 = 3*v + 2*j + 39 - 146, -3*v + 5*j + 79 = 0. List the prime factors of v.
3, 11
Let n = -33 - -91. List the prime factors of n.
2, 29
Let s(u) = 2*u**3 - 4*u**2. What are the prime factors of s(3)?
2, 3
Let o(b) = 2*b**2 + b - 4. Let f be o(-3). Let i(r) = -r**3 + 12*r**2 - 11*r + 12. List the prime factors of i(f).
2, 3
Let j be (10 - 20)*3/(-5). Let k(l) = -l**2 + 7*l - 3. List the prime factors of k(j).
3
Suppose 4*j + 3 = -3*z, 5*j - z = -4*z - 6. Let d = j - -6. What are the prime factors of d?
3
Let p(d) = -d**2 + 14*d + 12. List the prime factors of p(14).
2, 3
Suppose 16 = 3*u - 8. Let d be 76/10 - u/(-20). Let t = d + -4. List the prime factors of t.
2
Let f = 0 - 3. Let l(d) = d**3 + 7*d**2 + 4*d + 2. Let j(c) = -c**3 - 6*c**2 - 3*c - 2. Let g(w) = 5*j(w) + 4*l(w). List the prime factors of g(f).
2
Suppose -3*m + 75 = 3*b, -4*m + 0*m - 152 = -5*b. List the prime factors of b.
2, 7
Let f be (40/(-25))/((-4)/(-30)). Let g = -7 - f. List the prime factors of g.
5
Suppose 28 = 5*a - 37. Let h(b) = b**3 - 13*b**2 + 4*b - 2. List the prime factors of h(a).
2, 5
Suppose -9*m - 34 = -619. List the prime factors of m.
5, 13
Let j(o) = 1. Let m(h) = 2*h + 4. Let d(w) = 2*j(w) - m(w). List the prime factors of d(-7).
2, 3
Let r(b) = -9*b + 2*b + 3*b - 3. What are the prime factors of r(-5)?
17
Let s(j) = 8*j**2 + 4*j - 7. What are the prime factors of s(2)?
3, 11
List the prime factors of ((-180)/(-16))/(1/16).
2, 3, 5
Let c(p) = 4*p**2 + 2*p - 8. List the prime factors of c(-7).
2, 3, 29
Let b(x) = 3*x**2 + 6*x + 3. Let o be b(-2). List the prime factors of o - (2*-14 + 1).
2, 3, 5
Suppose 2*n + 5*f = 45, 5*n - 42 = 3*n - 2*f. List the prime factors of n.
2, 5
Let u = -5 + 3. Let r = -1 - u. What are the prime factors of r*(7 - (0 - 2))?
3
Suppose 0*a = 4*a - 32. Let h = -3 + a. List the prime factors of h.
5
Let c be 0/((-1)/(-1 - -2)). Suppose c*r + 6 = 2*r. Let x = 5 - r. List the prime factors of x.
2
Let w = -9 - 10. Let t = w - -28. List the prime factors of t.
3
Let u = -102 - -159. What are the prime factors of u?
3, 19
Suppose -19 = -2*z - 7. Suppose -3*c + 3*k + z = 0, c + k - 1 = 3*k. Suppose -b - 4*a + 7 = 0, 0 = c*a - 2*a + 1. What are the prime factors of b?
11
Suppose -9 = -5*c + 6. Suppose -5*w = -c*x - 5, 0*x + 3 = 3*w - x. What are the prime factors of (w/2)/(3/60)?
2, 5
Let v(y) = y**2 + 6*y - 3. Let g be v(-10). Suppose 3*s - g = -w - 9, 3*w - 56 = -2*s. List the prime factors of w.
2
Suppose 2*q - q - 23 = 0. What are the prime factors of q?
23
Suppose 0 = -40*t + 34*t + 462. What are the prime factors of t?
7, 11
Let h(n) = 14*n**2 - 4*n - 1. Let g be h(3). Let j = g + -49. Suppose -j = -5*l + 4*b, -3*b + 60 = -0*l + 3*l. List the prime factors of l.
2
Let k be -2 + 2 - 17/1. Let o be (25/(-15))/((-1)/(-6)). Let j = o - k. List the prime factors of j.
7
Suppose -2 - 59 = -w. List the prime factors of w.
61
Suppose -5*t + 0 = 5. Let x be 0 + (4 - (1 - t)). Suppose 0 = -4*k + x*k + 14. What are the prime factors of k?
7
Let c = -110 - -203. What are the prime factors of 3/(-2 - c/(-42))?
2, 7
Suppose -t - 3*t = 124. Let n = t + 44. What are the prime factors of n?
13
Suppose -x + 5*y + 76 = 0, y = -x - 4*y + 36. Suppose 3*v - x = -v. What are the prime factors of v?
2, 7
Let v be ((-4)/(-10))/(4/80). Suppose -5*g + v = -3*g. Suppose -2*o + 1 + 21 = 5*q, 2*o + 32 = g*q. What are the prime factors of q?
2, 3
What are the prime factors of -1*4 - (-264)/8?
29
Suppose -5*o - 290 = -10*o. List the prime factors of o.
2, 29
Suppose 0 = -w - 5, 0 = 5*j - 4*w - 7 - 18. Let y(v) = -2*v**2 + v + v**2 + j + 4. List the prime factors of y(0).
5
Let v(d) = d + 1. Let x(g) = 9*g + 1. Let l(j) = 2*v(j) + x(j). Let f be l(3). Suppose -3*k = -6*k + f. List the prime factors of k.
2, 3
Let t be (-2 - 6*-1)/2. Let g be t + 33 + 2 + 0. Suppose x + 3*c + 1 = 2, -g = -4*x - c. List the prime factors of x.
2, 5
Suppose 843 = 8*v - 565. List the prime factors of v.
2, 11
Let x(k) = -k**3 - 6*k**2 - k - 4. Let o be x(-6). Suppose 5*c + 29 = o*g + 12, 0 = g - 3*c - 11. List the prime factors of (19/4)/((-1)/g).
19
Let h(v) = -v**3 + 5*v**2 + v - 2. Let y be h(5). Suppose y*f = 6*f - 12. Suppose k - 25 = -3*u, -2*k = 3*u - f*k - 31. List the prime factors of u.
3
Let b = -31 - -105. List the prime factors of b.
2, 37
List the prime factors of ((-330)/(-45))/(4/42).
7, 11
Let q be 58/(-6) - (-4)/6. What are the prime factors of q/(-2)*(6 + -4)?
3
Let f = 6 - 3. Let p = -5 + f. List the prime factors of 30/p*(-2)/5.
2, 3
Let d be (2/4)/(3/24). Suppose 4*r - n = -0*r + 44, 16 = d*n. List the prime factors of r.
2, 3
Let r be 2*((-3)/(-2) - 0). Suppose -5*h + 0 = -5. What are the prime factors of r - -1*(h - 0)?
2
Let i = -36 + 67. List the prime factors of i.
31
Let d = -20 + 54. List the prime factors of d.
2, 17
Let n(k) = k**3 - 6*k**2 + 6*k + 5. Let l(c) = -c + 12. Let t be l(7). What are the prime factors of n(t)?
2, 5
Let o(n) = 11*n - 2. Let r be o(2). Let u = -8 + r. What are the prime factors of u?
2, 3
Let m be 2 + (-12)/((-4)/2). Suppose -2*g - 3*g + m = 4*v, g = 0. Suppose -s = 5*u - 6, 3*u - 14 = -0*u + v*s. What are the prime factors of u?
2
Let s(g) = g**3 + 14*g**2 - 6*g - 5. List the prime factors of 